96 and 4956?
84
Calculate the highest common factor of 3952 and 5390775.
247
What is the greatest common factor of 27397600 and 4508?
92
What is the highest common factor of 493928 and 176707?
2129
Calculate the highest common divisor of 34706 and 896.
14
What is the greatest common factor of 49329 and 83955?
87
Calculate the greatest common factor of 31266837 and 54.
27
What is the greatest common divisor of 2115 and 24558111?
423
What is the highest common factor of 13663260 and 4?
4
Calculate the highest common factor of 1965707358 and 57.
57
Calculate the greatest common divisor of 1259972 and 2244.
68
Calculate the greatest common divisor of 2489331 and 754.
377
Calculate the greatest common factor of 10219617 and 21.
3
What is the greatest common divisor of 83471725 and 885?
295
What is the greatest common divisor of 533 and 22574887?
41
Calculate the highest common factor of 62 and 5718818.
62
What is the highest common divisor of 9314745 and 3135?
165
Calculate the greatest common divisor of 60684750 and 385.
35
What is the highest common factor of 1823267800 and 200?
200
Calculate the greatest common factor of 2407152 and 7896.
1128
What is the highest common factor of 240 and 824086?
2
Calculate the greatest common divisor of 345319 and 12827.
101
What is the highest common divisor of 282 and 23290286?
94
What is the greatest common factor of 29221700 and 20?
20
What is the highest common factor of 9130176 and 21222?
2358
Calculate the highest common factor of 104046750 and 1350.
450
What is the highest common divisor of 814470285 and 1347?
1347
What is the highest common divisor of 641769666 and 3324?
1662
What is the greatest common divisor of 2784512 and 3576?
1192
What is the greatest common factor of 87894375 and 1250?
625
What is the highest common divisor of 361037 and 88085?
223
Calculate the highest common divisor of 2174824 and 24.
8
What is the highest common factor of 56336 and 272123?
503
What is the greatest common divisor of 95 and 16190855?
5
What is the highest common factor of 275560 and 259126?
166
Calculate the highest common factor of 29459 and 7356806.
331
What is the highest common divisor of 4869 and 22941?
9
What is the greatest common divisor of 304 and 6197?
1
What is the highest common divisor of 3440918 and 143468?
2314
Calculate the highest common divisor of 52154900 and 2275.
175
What is the highest common divisor of 22586 and 127259?
23
Calculate the highest common divisor of 184 and 7349558.
46
Calculate the highest common factor of 3577829 and 109.
1
What is the highest common factor of 13126 and 3814212147?
6563
What is the greatest common divisor of 240 and 2998640?
80
Calculate the highest common factor of 3488 and 11180896.
32
What is the highest common factor of 1640 and 16554640?
40
Calculate the highest common factor of 3981684248 and 8.
8
Calculate the highest common divisor of 14390368 and 736.
32
Calculate the highest common divisor of 35342740 and 60.
20
Calculate the highest common divisor of 685429 and 3.
1
Calculate the greatest common divisor of 2786715020 and 20.
20
What is the highest common factor of 3828 and 772937?
319
Calculate the greatest common factor of 120 and 7936380.
60
What is the greatest common factor of 2565606 and 255?
51
What is the greatest common divisor of 32482248 and 168?
24
What is the highest common factor of 109230 and 5070920?
3310
Calculate the greatest common factor of 224 and 1203062.
14
Calculate the greatest common factor of 188156 and 884.
68
What is the greatest common divisor of 494910 and 71010?
270
Calculate the greatest common divisor of 1405980 and 116070.
2190
Calculate the highest common factor of 1241259 and 48.
3
Calculate the greatest common divisor of 500103 and 1453338.
2763
What is the highest common divisor of 37908234 and 3276?
1638
Calculate the highest common divisor of 5920 and 2143640.
40
Calculate the highest common factor of 124638 and 2064.
6
What is the greatest common divisor of 217944 and 721656?
216
Calculate the greatest common factor of 22983 and 167179.
47
Calculate the highest common factor of 82781598 and 8094.
426
What is the greatest common divisor of 3045073 and 17653?
139
What is the greatest common factor of 8008 and 2211902?
154
Calculate the greatest common factor of 41911926 and 339.
339
Calculate the highest common divisor of 581 and 11927266.
83
Calculate the highest common divisor of 35925184 and 2624.
2624
What is the highest common factor of 81 and 23137137?
27
What is the highest common factor of 2114 and 901929?
7
Calculate the highest common factor of 370691 and 191061.
1633
Calculate the highest common factor of 2333 and 47240917.
2333
What is the greatest common factor of 189965390 and 120?
10
Calculate the highest common factor of 75 and 33458450.
25
Calculate the greatest common divisor of 1961160 and 234065.
1385
Calculate the greatest common divisor of 19910 and 37648.
362
What is the greatest common factor of 432896276 and 248?
124
What is the greatest common factor of 159176 and 2825980?
404
What is the highest common factor of 12770 and 14650?
10
What is the greatest common factor of 455519 and 350100?
389
What is the highest common divisor of 130 and 1356315?
5
Calculate the greatest common factor of 12789786 and 1722.
246
What is the greatest common divisor of 43963965 and 27?
27
What is the highest common divisor of 22264 and 10099507?
2783
Calculate the greatest common factor of 774256 and 22351.
217
What is the greatest common divisor of 241203 and 83271?
123
Calculate the highest common divisor of 20383965 and 1956.
489
What is the highest common divisor of 360 and 42396660?
180
Calculate the highest common factor of 3480 and 472180.
20
What is the greatest common factor of 5385 and 203797120?
1795
What is the highest common divisor of 23700 and 2758100?
100
Calculate the greatest common factor of 33705 and 10043145.
315
What is the highest common factor of 5928566 and 322?
14
What is the highest common divisor of 34760 and 228360?
440
Calculate the greatest common divisor of 23558804 and 204.
68
What is the greatest common factor of 341172 and 722124?
468
Calculate the greatest common divisor of 21098 and 3070718.
1918
What is the greatest common factor of 460007 and 70757?
173
What is the greatest common factor of 139 and 4726834?
139
Calculate the highest common factor of 696924 and 8208.
108
What is the greatest common divisor of 8375861 and 117?
13
What is the highest common divisor of 8948844 and 270?
18
Calculate the highest common factor of 265 and 521024503.
53
What is the highest common factor of 1530230 and 240?
10
Calculate the greatest common divisor of 20024 and 207749.
2503
Calculate the greatest common divisor of 264 and 1031948104.
88
What is the highest common divisor of 1884 and 1739874?
942
What is the highest common divisor of 2027956 and 1792?
28
What is the greatest common factor of 32791164 and 3?
3
What is the highest common divisor of 36042708 and 39?
39
Calculate the highest common divisor of 7684775 and 2050.
25
What is the highest common factor of 18849 and 7336104?
183
What is the greatest common factor of 392330160 and 480?
240
Calculate the highest common divisor of 186 and 29075210.
62
What is the highest common factor of 757706 and 106112?
1658
Calculate the highest common divisor of 478835 and 4095.
35
What is the greatest common factor of 217 and 1814617798?
217
What is the highest common divisor of 2949 and 120448956?
2949
Calculate the greatest common divisor of 55818 and 17502.
6
What is the greatest common factor of 25366885 and 5?
5
Calculate the highest common divisor of 32403 and 31379991.
4629
Calculate the greatest common divisor of 1110 and 1958419065.
555
Calculate the greatest common divisor of 628 and 653640.
4
Calculate the greatest common factor of 215295 and 38635035.
6945
Calculate the greatest common divisor of 28034706 and 101094.
1218
What is the greatest common factor of 4000302 and 564?
6
What is the highest common factor of 62768 and 27731687?
3923
Calculate the highest common divisor of 2139247 and 2596.
11
Calculate the highest common factor of 11840439 and 75088.
4693
What is the highest common factor of 290 and 55189030?
29